13, m = -5*g + 4. Let f(z) = -z**3 - 14*z**2 + 34*z. Determine f(m).
-32
Let f(z) = -z**2 - 4*z + 5. Suppose 7*b + 4 = 11. Let q(c) = 20 - 3*c**2 + b + 4*c**2 + 15*c. Let i be q(-13). Give f(i).
0
Let p(k) = k**2 + 6*k - 6. Let h be p(-6). Let m(t) = -10*t - 80. Let l(j) = 32*j + 258. Let v(i) = -4*l(i) - 13*m(i). What is v(h)?
-4
Let k(f) = -19*f + 967. Let m be k(51). Let t(l) = -12*l - 18. Give t(m).
6
Let a(s) = s - 8. Suppose 5*q + 3*g = 66, 2*g = 4*q - 79 + 13. What is a(q)?
7
Let k(p) = p - 1. Let z(t) = t**3 + 8*t**2 - t + 5. Suppose 4*x + 27 + 5 = 0. Let o be z(x). Suppose 0*i - 2*i - 28 = -4*h, -o = -3*i - 5*h. Calculate k(i).
-5
Suppose 25*l = 30*l, b + 2*l = 58. Suppose -48*j + b*j = -70. Let g(q) = q + 12. Determine g(j).
5
Suppose 5*l - 3*g + 6*g - 93 = 0, -4*g - 16 = 0. Let i be l/7 + (-5 - 0). Let x(j) = -j**3 - 1. Determine x(i).
7
Let v = -405 - -413. Let l(y) = -12*y - v*y - y**2 + 3 - 8*y + 19*y - 2*y. What is l(-11)?
3
Let w(i) = -1 + 363*i + i**3 - 376*i + 9*i**2 - 7. What is w(-11)?
-107
Let o(f) = f**2 + 3*f + 1. Let u(b) = 0*b + 1 - 3*b + 3*b + b. Suppose -3*x - 9 = -3*q, 4*x + 11 = 5*q + 1. Let w be u(x). Give o(w).
5
Let o(u) = u**3 + 5*u**2 - 2*u + 37. Let s be o(-6). Let y(c) = -c**3 + 11*c**2 + 25*c + 11. Determine y(s).
-2
Let s(k) = 10*k**2 - k. Let v(b) = 2*b**3 + 8*b**2 - 6*b - 6. Let l be v(-6). Let t = -91 - l. Suppose 0 = -6*u - 29 + t. Determine s(u).
11
Let z(b) be the third derivative of 7/60*b**5 + 3/2*b**3 + 0*b + 3 + 1/3*b**4 + 4*b**2 - 1/120*b**6. Determine z(8).
9
Suppose 53*c + 8 = 55*c. Let y(d) = -8 - 52*d**2 - 53*d**2 + 104*d**2 + c*d. Let x be ((-2)/(-1))/2 + 5. Calculate y(x).
-20
Let h = -418 + 416. Let x(j) = j**3 + 6*j**2 + 6*j - 6. Give x(h).
-2
Let p = -65 + -5. Let f be -7*(4 - (-330)/p). Let u(y) = 4*y - 12. Give u(f).
8
Let l be (-2)/(-10) + 348/60. Let m(k) be the third derivative of 0*k + 0 - 1/3*k**4 + 1/2*k**3 + 1/60*k**5 - 18*k**2. Give m(l).
-9
Let v = -114 - 42. Let j = -157 - v. Let z(d) = -9*d**3 - d. Calculate z(j).
10
Let m = -7764 + 7761. Let t(g) = 6*g**2 + 5*g + 9. Calculate t(m).
48
Let x(k) = k**2 + 10*k - 8. Suppose -4*p + 3*r = 43, 45*p = 44*p - 4*r - 6. Let s be (-87)/29*p/(-3). Calculate x(s).
-8
Let q(b) = b + b**2 + 1 + b**2 + 1 - 4. Let n be 15/(4*(-7)/(-56)). Suppose -25*m + n*m - 10 = 0. Give q(m).
8
Let z be (49/(-4) - -10)*16/(-6). Let u be z/(-15)*(27 + -12). Let f(n) = 2*n**2 + 11*n - 4. What is f(u)?
2
Suppose 18 = -2*i - 5*b, 3*b - 24 = 7*b. Let s(o) = -o**2 - o + 9. Give s(i).
-33
Let s(k) = -k**3 + 1. Let n(j) be the first derivative of -j**3 + j**2/2 - 6*j + 82. Let x(a) = -n(a) - s(a). Give x(-4).
-7
Suppose -37*z + 1 = -36*z. Suppose -11*g - z = -34. Let v(y) = -y - 7. Calculate v(g).
-10
Let l(h) = 6*h + 13. Let f(x) = -7*x - 14. Let i(v) = 3*f(v) + 4*l(v). Suppose -z - 2*g = 4, -222*z = -223*z - 3*g - 2. Give i(z).
-14
Suppose 0 = 4*o + 21 - 1. Let v = -7 - o. Let j(p) = p**2 + p - 3. Let t(q) = 2*q**2 + 3*q - 7. Let n(b) = 5*j(b) - 2*t(b). What is n(v)?
5
Let t = -339 + 338. Let y(u) = -u**3 - 2*u**2 - 1. Let b(d) = d**3 + d - 1. Let r(k) = b(k) - y(k). Give r(t).
-1
Let s(f) = 389*f**2 + 98 - 115*f**2 - 3*f**3 + 4*f**3 - 117*f**2 + 2*f - 104*f**2. Determine s(-53).
-8
Let z(x) = -2*x**2 + 12*x - 16. Suppose -66 + 136 = 14*b. What is z(b)?
-6
Let k be 14/168*4*0. Let x(g) = -g**3 - g + 21. What is x(k)?
21
Let l(x) = -2*x**3 + 3*x**2 - 4*x + 7. Let s = 2705 + -2703. What is l(s)?
-5
Let l = 3753 + -3729. Let r(a) = -a**3 + 23*a**2 + 24*a - 10. Calculate r(l).
-10
Let h(g) = 5*g**3 + 3*g**2 + g + 1. Let f(a) = -a**3 + 4*a**2 + 47*a + 7. Let s be f(-5). Determine h(s).
-110
Let v(s) = -s + 3. Let p be -7 + (-46)/(-6) - (-4)/(-6). Let g be -9 - p/(-3) - (-13)/13. Calculate v(g).
11
Let q(f) = 131*f**2 - f**3 - 95*f**2 - 7*f - 46*f**2 + 19. Give q(-9).
1
Suppose -4 = 2*k - k + 5*i, -4*i = 4*k. Let z be 18/27 - 12/(-9). Let c(d) = -d + 6*d**2 + 1 - 3*d**z - 5*d**2 - 2*d**2. Determine c(k).
-4
Let d(p) = 5*p**3 - 25*p**2 - 9*p + 18. Let l(b) = -3*b**3 + 13*b**2 + 4*b - 9. Let f(v) = -4*d(v) - 7*l(v). Suppose 324*m + 4524 - 2256 = 0. What is f(m)?
33
Let z(w) = 83*w**2 + 437*w + 105. Let v(r) = 10*r**2 + 55*r + 13. Let g(f) = -17*v(f) + 2*z(f). Give g(-15).
4
Suppose -3*h - 28 = z, 0 = -5*z + 4*z - 4*h - 27. Let f = -29 - z. Let u(c) = -f + 3 + 3 + c + 1. What is u(0)?
5
Let i(d) = 8*d - 1. Let x = 71 - -428. Let g = 496 - x. Determine i(g).
-25
Let x(b) = -8*b - 20. Let i = -1776 - -1768. Determine x(i).
44
Let b(p) = p**2 - 2*p - 7. Let r = -302 - -306. What is b(r)?
1
Let w(z) be the second derivative of z**4/12 + 5*z**3/6 - 89*z**2/2 - 19*z - 26. What is w(-12)?
-5
Let t(x) = 7*x**3 + 5*x**2 + 7*x + 2. Let g(y) = 20*y**3 + 15*y**2 + 21*y + 6. Let l(q) = -6*g(q) + 17*t(q). Let p = 699 + -703. What is l(p)?
10
Let s(f) = 3*f**2 + 4*f + 1. Let g(d) = 5*d**2 + 4*d + 1. Let c(w) = -2*g(w) + 3*s(w). Let z = -13 + 18. What is c(z)?
-4
Let f(y) = y**2 + 12*y - 3. Let p be f(-12). Let k be 34*1*p/(-6). Suppose -12*g = -k*g + 25. Let n(o) = o. Determine n(g).
5
Let y(h) = 4*h - 79. Let l be y(22). Suppose l*n = -382 + 355. Let p(a) = 3*a - 3. Give p(n).
-12
Let b(i) = -5*i**2 + 63*i + 31. Let h(k) = -3*k**2 + 41*k + 21. Let c(o) = 5*b(o) - 7*h(o). Determine c(5).
48
Let p(w) = -w**2 - 8*w - 10. Let v be 1/((2 + 3)/35). Suppose 2*f - u = -v, 4*u = 4*f + 5 + 3. What is p(f)?
5
Let q = 11202 - 11216. Let f(x) = 9*x + 62. What is f(q)?
-64
Let w(q) be the third derivative of 0*q - 8/3*q**3 - 313*q**2 + 0 - 1/12*q**4. Give w(-9).
2
Let s(h) = -5*h - 41. Let c be s(-13). Let a be (-120)/(-32)*c/10. Let g(p) = p**3 - 9*p**2 + p + 2. Give g(a).
11
Let o(j) = j - 1. Let y be o(6). Let a be (116/(-6))/(13/((-195)/10)). Suppose -x - u = 3*u - 10, -y*x = -u - a. Let g(q) = -q - 1. Determine g(x).
-7
Let a(f) = -f**3 - 28*f**2 + 26*f - 92. Let n be (-44)/2 - 2303/329. Calculate a(n).
-5
Let l(b) = -b + 2. Let z be l(2). Let n = 59 + -57. Let r(x) = -7*x**2 - x**3 + 3*x**2 + 3*x**n - 4. Give r(z).
-4
Let s(m) = 28*m + 150*m - 168*m + 1 + 10. Determine s(-4).
-29
Let k(o) = -2*o + 21. Let f(x) = -10*x**2 + 5*x + 6. Let a be f(0). Determine k(a).
9
Let i(f) = -1064*f - 5330. Let a be i(-5). Let x(y) = -y - 8. Calculate x(a).
2
Suppose -3*b = -5*f + 135, -5*f - 4*b + 53 + 47 = 0. Suppose f = 5*x - x - 3*g, -12 = -2*x - 5*g. Let w(z) = 0*z - z - 13 - x + 8. Calculate w(-9).
-2
Suppose -4*f + 8 = -2*y, 7*f - 8*f + y = -1. Let g(t) = -t**2 + t + 3. Let p(i) = -i. Let a(o) = g(o) - 5*p(o). What is a(f)?
12
Let y(w) be the first derivative of 10*w**2 + 5*w - 1612. Calculate y(-6).
-115
Suppose 12*j - 986 - 3118 = 0. Let o = 337 - j. Let u(v) = -v - 11. Give u(o).
-6
Let v(y) = y**3 - 3*y**2 - y + 9. Let g be ((-128)/40 + 2)/((-8)/20). Calculate v(g).
6
Let x(v) = 11*v**2 - 103*v - 220. Let i(z) = 4*z**2 - 35*z - 74. Let n(u) = -8*i(u) + 3*x(u). Determine n(31).
-6
Suppose -56 = 4*s + o, -170*o = 2*s - 174*o + 10. Let c(f) = -3*f + 6. Let y(q) = 7*q - 12. Let j(v) = -5*c(v) - 2*y(v). Determine j(s).
-19
Let v(d) = 80*d**2 + d + 1. Suppose -1465*i + 172 = -1637*i. Determine v(i).
80
Suppose 15*p - 5*p - 260 = 0. Let i(s) = 16*s + 8 - p*s + 12*s. Give i(7).
22
Let y = 49345/6 + -8224. Let o(a) be the second derivative of y*a**3 - 1/12*a**4 + 13/2*a**2 - 18*a + 0. Determine o(0).
13
Let l(q) = 11*q**3 - 2*q**2 - 2. Let t(r) = 12*r**3 - 2*r**2 - 1. Let w(s) = -2*l(s) + 3*t(s). Suppose 2*j = -4 - 12. Let m be ((-4)/j)/(2/4). Give w(m).
13
Let t be (-35)/(-14)*(-108)/30. Let n = 13 + t. Let m(f) = -5*f - 3. Give m(n).
-23
Let s(k) = 65*k + 63*k - 4 - 134*k. Determine s(-5).
26
Let s(g) be the third derivative of 3 - 17/6*g**3 + 17/24*g**4 + 0*g - 1/120*g**6 + 1/4*g**5 - 3*g**2. What is s(16)?
-1
Let a = 4222 - 1609. Let c(s) = -1309 + a + 4*s - 1308. Give c(-6).
-28
Let s = -35 - -61. Suppose 19 = 3*u - s. Let c(q) = -u + 48 - 18 + q - 13. Give c(-5).
-3
Let v(j) = j - 4. Suppose 313 = -5*m - 2*p, 2*m - 2*p = 5*m + 187. Let b = m + 58. What is v(b)?
-9
Let u(s) = -3 - 2*s + 6 - 4. Let x(n) = -10*n**2 - 2*n + 1. Let z = 81 + -81. Let b be x(z). Give u(b).
-3
Let p(z) = -z**2 - 4*z + 64. Suppose 44*x - 82*x - 380 = 0. Determine p(x).
4
Let r(u) = 2*u + 31. Let d(p) = -6*p - 92. Let w(t